 950*q + 1800. Calculate l(-49).
330
Let i(t) = 31845*t + 2579449. Calculate i(-81).
4
Let w(h) = -6532*h + 640150. What is w(98)?
14
Let k(m) = 147*m**2 - 9250*m - 698. Determine k(63).
-5
Let z(s) = 15*s - 417. Give z(24).
-57
Let d(m) = m**3 + 161*m**2 + 41*m + 3367. What is d(-161)?
-3234
Let s(a) = 33708*a - 337096. Determine s(10).
-16
Let v(m) = -m**2 - 1579*m - 356429. What is v(-273)?
109
Let f(z) = 3286*z + 285982. Give f(-87).
100
Let h(l) = 1929*l - 935487. What is h(485)?
78
Let a(v) = 2*v**2 - 3318*v + 94470. Calculate a(29).
-70
Let p(r) = 213*r + 2276. Give p(-8).
572
Let z(h) = h**3 + 29*h**2 - 485*h + 6. Give z(-41).
-281
Let k(v) = -6370*v - 20795. Determine k(-3).
-1685
Let v(u) = 18*u**2 + 3960*u + 18. What is v(-220)?
18
Let k(b) = 460*b - 17089. Determine k(38).
391
Let w(i) = 74075*i + 1481499. What is w(-20)?
-1
Let p(w) = -4*w**3 + 39*w**2 - 40*w + 225. Calculate p(9).
108
Let q(g) = g**3 - 270*g**2 + 457*g + 157. Calculate q(2).
-1
Let f(u) = u**3 - 6685*u - 13370. Determine f(-2).
-8
Let r(x) = -x**3 - 24*x**2 - 338*x + 45. Calculate r(-17).
3768
Let q(l) = -3*l**3 + 360*l**2 + 6*l + 83. What is q(120)?
803
Let f(k) = 10*k**3 + k**2 - 2701*k + 5395. Calculate f(2).
77
Let s(b) = -b**2 + 96*b + 20986. Determine s(-104).
186
Let n(u) = 1757*u + 13133. Give n(-7).
834
Let b(n) = -43*n**3 - 397*n**2 - 2*n + 76. Give b(-9).
-716
Let a(m) = 6*m**3 - 8*m**2 + 152*m - 36. Determine a(0).
-36
Let g(c) = -c**3 + 38*c**2 - 6*c - 1139. Determine g(37).
8
Let v(k) = -843*k + 42406. Calculate v(49).
1099
Let b(g) = -2*g**3 + 533*g**2 + 22449*g - 367. Calculate b(-37).
3
Let k(w) = -2*w**2 + 1777. What is k(-31)?
-145
Let l(k) = -18*k**3 - 26*k**2 - 10*k + 136. Determine l(2).
-132
Let z(v) = -v**2 - 145*v - 3442. Calculate z(-108).
554
Let h(y) = 5*y**3 - 285*y**2 - 39*y + 2256. What is h(57)?
33
Let p(i) = -35*i**2 - 13389*i - 26783. Determine p(-2).
-145
Let j(u) = -5512*u + 66143. Calculate j(12).
-1
Let h(q) = 26914*q + 27140. What is h(-1)?
226
Let b(o) = -o**3 + 162*o**2 - 170*o + 1445. Give b(161).
-4
Let z(h) = 3*h**2 - 24*h - 2162. Calculate z(31).
-23
Let a(c) = -16633*c + 16831. Determine a(1).
198
Let m(i) = i**3 + 541*i**2 + 9881*i - 19309. Give m(-522).
5
Let x(g) = 9*g**2 + 105*g - 3876. Give x(13).
-990
Let r(z) = -10*z**3 - 8*z**2 + 43*z - 24. What is r(3)?
-237
Let h(x) = -3*x**3 - 2055*x**2 - 113*x - 77411. Give h(-685).
-6
Let x(p) = -p**3 + 164*p**2 + 4940*p + 8. Calculate x(-26).
8
Let p(k) = 8788*k - 333806. Determine p(38).
138
Let t(d) = -1768*d + 28252. Give t(16).
-36
Let a(d) = 2716*d**2 + 13643*d - 4. What is a(-5)?
-319
Let n(y) = 465*y**2 - 7420*y - 318. Give n(16).
2
Let q(i) = -11732*i + 1079347. Calculate q(92).
3
Let q(o) = 12214*o + 11297944. Give q(-925).
-6
Let m(y) = 11*y**2 - 418*y - 5189. Give m(-12).
1411
Let f(d) = 22*d**2 - 3813*d - 7631. Determine f(-2).
83
Let c(m) = m**2 + 72*m + 38. Calculate c(-6).
-358
Let l(q) = -25*q**3 - 65*q**2 + 68*q + 126. What is l(2)?
-198
Let u(o) = o**3 - 145*o**2 + 147*o + 19359. What is u(143)?
-518
Let w(s) = -s**3 + 163*s**2 + 1553*s - 1154. What is w(172)?
-294
Let t(v) = 2*v**3 + 94*v**2 - 47*v - 5954. Give t(-46).
440
Let n(r) = -17999*r + 9323493. Give n(518).
11
Let o(g) = -137*g + 12927. Calculate o(81).
1830
Let z(y) = 282*y - 4127. Give z(11).
-1025
Let v(p) = -p**3 + 575*p**2 - 78487*p - 3175. Give v(352).
-7
Let a(q) = -6654*q + 2155883. Determine a(324).
-13
Let g(x) = -x**3 + 15*x**2 - 222*x + 2917. Calculate g(14).
5
Let s(v) = -11*v**2 + 648*v - 4643. What is s(8)?
-163
Let y(m) = 11*m**2 - 2870*m - 242. Give y(261).
19
Let i(n) = 749*n + 16858. Calculate i(-22).
380
Let c(t) = -t**3 - 98*t**2 + 417*t + 751. What is c(-102)?
-167
Let k(t) = 7*t**2 + 295*t - 7070. Determine k(25).
4680
Let p(t) = -t**3 + 7*t**2 + 121*t - 804. Give p(7).
43
Let a(g) = 3*g**2 + 106*g - 8585. Calculate a(-74).
-1
Let d(i) = 3*i**3 - 772*i**2 - 1549*i + 17. Give d(-2).
3
Let b(y) = 6264*y - 37488. Determine b(6).
96
Let p(s) = s**2 + 1997*s + 25750. Determine p(-13).
-42
Let t(c) = c**2 - 116*c - 96523. Determine t(-258).
-31
Let o(b) = -b**2 - 315*b - 23485. Calculate o(-120).
-85
Let b(l) = -1091*l + 388391. Calculate b(356).
-5
Let r(c) = 21*c**2 + 101*c - 2605. Calculate r(9).
5
Let j(d) = -1679*d - 129293. Give j(-77).
-10
Let z(i) = 3818*i - 48755. Determine z(13).
879
Let h(l) = -16*l**2 - 859*l + 4041. Determine h(-58).
39
Let o(f) = -f**3 - 372*f**2 + 501301*f - 39863. Determine o(546).
-5
Let g(k) = 37*k + 2679. Determine g(-72).
15
Let j(i) = 3*i**2 - 171*i + 2851. Calculate j(41).
883
Let m(k) = -145*k**2 - 2025*k - 1828. Give m(-13).
-8
Let l(a) = -15*a**2 - 69*a - 41. Give l(-2).
37
Let h(t) = 3*t**3 + 609*t**2 + 3538*t - 1613. Calculate h(-197).
-37
Let l(v) = -2*v**2 - 63*v + 409. Calculate l(-29).
554
Let g(c) = 63*c**3 - 75*c**2 - 73*c + 1. Give g(-1).
-64
Let x(j) = -j**3 - 231*j**2 - 248*j - 4154. What is x(-230)?
-14
Let l(w) = w**3 + 12*w**2 - 237*w - 1701. Determine l(-7).
203
Let d(b) = -b**3 + 24*b**2 - 5*b + 515. What is d(26)?
-967
Let r(l) = -6*l**3 + 43*l**2 + 69*l + 6. Give r(-2).
88
Let f(s) = -s**2 - 83*s + 1033. Calculate f(11).
-1
Let m(p) = -3*p**3 + 413*p**2 - 1075*p - 585. Give m(135).
90
Let v(c) = 8*c**3 - 280*c**2 + 262*c + 12. Give v(1).
2
Let k(r) = -7*r**3 - 22*r**2 - 8*r + 17. Calculate k(-5).
382
Let d(y) = -430147*y + 1290435. Calculate d(3).
-6
Let b(l) = -3*l**3 - 151*l**2 + 9729*l - 18827. Give b(2).
3
Let m(u) = -11*u**2 + 1185*u - 1008. Give m(107).
-152
Let r(a) = -2*a**2 + 157*a + 2853. What is r(-31)?
-3936
Let o(b) = -20615*b**2 + 20509*b + 99. Calculate o(1).
-7
Let c(p) = 3*p**3 + 88*p**2 + 205*p - 499. Determine c(-26).
931
Let u(m) = m**3 - 26*m**2 - 1441*m + 12689. Calculate u(8).
9
Let l(f) = -f**3 - 73*f**2 - 877*f - 433. What is l(-58)?
-27
Let r(m) = -m**3 + 150*m**2 - 1762*m - 2596. Calculate r(137).
7
Let h(k) = 2*k**2 - 634*k + 45665. Give h(207).
125
Let o(u) = -4*u**3 - 68*u**2 + 16*u - 263. Calculate o(-17).
-535
Let p(x) = -x**2 - 12368*x + 1033362. Give p(83).
-71
Let u(h) = -h**2 + 2507*h - 57142. Determine u(23).
-10
Let w(l) = -9238*l + 101562. What is w(11)?
-56
Let w(o) = -1646*o + 274824. Determine w(167).
-58
Let m(l) = l**2 + 18089*l - 289650. Give m(16).
30
Let n(k) = 4*k**3 - 857*k**2 + 199*k + 3022. Give n(214).
-188
Let b(p) = -p**3 - 7*p**2 + 1974*p - 234. Determine b(41).
12
Let v(r) = -r**2 - 8131*r + 261219. Determine v(32).
3
Let q(a) = -2*a**2 - 8457*a - 42230. Calculate q(-5).
5
Let m(o) = -o**3 + 195*o**2 - 953*o + 524. Calculate m(190).
-46
Let t(h) = h**2 - 48*h - 13603. Calculate t(-94).
-255
Let g(c) = 1559*c + 4669. What is g(-3)?
-8
Let m(o) = -o**2 + 11*o + 2008. Give m(43).
632
Let q(o) = 23*o**2 - 190*o + 390. Give q(4).
-2
Let x(g) = 571*g + 23115. What is x(-39)?
846
Let o(a) = -246230*a - 4678376. What is o(-19)?
-6
Let h(l) = 5222*l - 412679. Give h(79).
-141
Let r(c) = -c**3 - 59*c**2 + 296*c - 1351. Give r(-64).
185
Let y(g) = 1632*g + 1428007. Give y(-875).
7
Let d(g) = -g**3 - 427*g**2 - 1684*g + 1855. What is d(-423)?
-1529
Let z(y) = 2*y**2 - 133*y + 1188. Give z(54).
-162
Let m(u) = -3973*u - 18847. What is m(-5)?
1018
Let u(t) = 71*t**2 + 24*t + 11. Determine u(3).
722
Let k(g) = -8*g**2 - 3787*g + 18968. Determine k(5).
-167
Let t(u) = 2*u**3 + 16*u**2 - 311*u + 557. Determine t(2).
15
Let j(m) = -14710*m - 117686. Give j(-8).
-6
Let b(r) = -r**2 + 32369*r + 259027. Give b(-8).
11
Let t(a) = -a**2 + 22*a + 2033. Determine t(64).
-655
Let l(o) = -15*o**2 - 324*o + 1935. Give l(6).
-549
Let l(u) = 2352*u + 1665344. What is l(-708)?
128
Let f(o) = -13012*o + 52019. Determine f(4).
-29
Let m(a) = -a**3 - 4296*a**2 - 17158*a + 30. Give m(-4).
-10
Let d(k) = -75445*k - 980800. Determine d(-13).
-15
Let t(p) = 473*p**2 + 3320*p + 79. Determine t(-7).
16
Let k(z) = z**3 - 1100*z**2 + 4892*z - 556792. What is k(1096)?
-24
Let h(x) = -67*x**2 + 506*x + 28. Calculate h(8).
-212
Let j(g) = 821*g**2 - 128898*g + 233. Determine j(157).
76
Let z(i) = -60*i**2 + 8544*i - 59739. Calculate z(7).
-2871
Let a(g) = 3238*g + 93908. Determine a(-29).
6
Let r(g) = 5*g**3 - 116*g**2 + 613*g - 13563. Give r(23).
7
Let z(j) = -8*j**2 - 5*j + 50. Calculate z(6).
-268
L